 + 34812 = 2*v - 18373, -4*v + 106394 = 2*r. Is v prime?
True
Suppose 2*z = q - 2145, -9 = -5*q + 6. Let y = z - -3932. Is y a composite number?
False
Suppose 2*a - 4*j = 24, j + 0*j = -5. Let w(o) = o**2 - 5*o + 6. Let u be w(a). Suppose 2*g + 0*g + l - 2122 = u, -5*l = -g + 1061. Is g a composite number?
False
Let y(a) = -21*a**2 + a. Let j be y(6). Suppose -k + 4711 - 1749 = k. Let r = k + j. Is r a composite number?
True
Let t(q) = -66294*q**3 + q**2 + 3*q + 3. Let r be t(-1). Suppose 0 = -10*i + 15*i - r. Is i a composite number?
False
Let s(x) = -x**2 - 39*x - 138. Let b be s(-4). Is (13 - b)/(-33) + (-8024)/(-6) a prime number?
False
Let f be (-153)/(-36) - (-4 - (-52)/16). Suppose 2*n - 5*n = -6. Suppose 5*g - f*p = 4950, 0 = -n*g + 3*g + 4*p - 965. Is g a prime number?
False
Suppose 0 = -51*p + 30*p + 243579. Is p a composite number?
True
Let y be 2/(-1) - -3 - -7. Suppose 177 = y*c - 279. Suppose c = 2*t + 11. Is t a prime number?
True
Let n(j) = -j**3 + 83*j**2 - 11*j - 317. Is n(76) composite?
True
Let x = 81518 + -30849. Is x a composite number?
True
Let g(v) = v**2 + v. Let h(p) = -4*p**2 + 10*p + 32. Let t(z) = -5*g(z) - h(z). Let q be t(-13). Is (-6)/12 + (-3735)/q prime?
False
Let m = -1798 - -2872. Let o be 33775/150 - 21/18*(-3)/(-21). Let p = m - o. Is p prime?
False
Suppose 0*w - 6 = -2*w + 2*r, 3*r + 11 = 4*w. Is (1/w + -1)*(-32 - -4) a composite number?
True
Suppose 6*l - j + 12325 = 7*l, l - 4*j - 12315 = 0. Suppose -l = -2*r + r. Is r a composite number?
False
Suppose 3*l - 67*x + 68*x - 261163 = 0, -2*l = -x - 174102. Is l composite?
True
Suppose -11*p + 10*p = -4. Let v(s) = 38*s**2 - 13*s + 1. Is v(p) prime?
True
Let v(x) = -x**3 - 13*x**2 - 13*x - 9. Let l be v(-12). Suppose -8 = -l*g + g. Suppose g*m = t + 1226, 1237 = 5*m + 3*t - 304. Is m a composite number?
False
Suppose -17*y - 1264801 + 2032987 = -4656803. Is y composite?
False
Let u be ((-12)/(-14))/(9/(-6432489)). Is u/(-48) - (-1)/8 a prime number?
True
Let s(k) = k**3 + 57*k**2 - 174*k + 15. Is s(-58) composite?
True
Suppose -23 = -5*b - 4*w, b - 4*b = -3*w - 3. Suppose 0 = -5*p + 11*p - 10*p. Suppose p = -2*m - b*j + 1675, -1683 = -2*m + 5*j - 0*j. Is m a prime number?
True
Suppose 714*s = 717*s - 72. Suppose 13561 = s*f - 272111. Is f a composite number?
False
Let y be (-5)/15 + (-10990)/(-3). Let l(j) = 5*j**3 - 3*j**2 + j - 1. Let g be l(1). Suppose 179 = g*h - y. Is h composite?
True
Let g(z) = 25*z**3 - 6*z**2 - 13*z - 10. Let m be g(-12). Is (m/70)/(1/(-5)) composite?
False
Suppose 222*p - 220*p - 94 = 0. Let h = 604 - p. Is h a prime number?
True
Suppose -7*u + 6*u = 2*m - 5, 4*m - 20 = -4*u. Suppose 8*c - 16909 = 5*c + b, -5*c + 2*b + 28181 = m. Is c composite?
True
Let a be 2497*((-2)/(-13) + (-132)/(-156)). Let f = -1554 + a. Is f prime?
False
Let m = -7 - -28. Suppose -m*p + 9*p = -45636. Is p composite?
False
Suppose 91107 = -6327*p + 6336*p. Is p composite?
True
Suppose -177*v + 29332067 - 7348793 = -31387713. Is v composite?
False
Let r = 1223238 + -702085. Is r composite?
False
Let q(p) = -15*p + 48*p + p**2 - 45*p + 116. Is q(19) a prime number?
False
Suppose 0 = -u - 5*s + 114330, -4*s = -5*u - 7*s + 571540. Is u prime?
False
Let p = -45 + 50. Suppose 2*o = 5*o - 12, 22 = p*r - 2*o. Suppose r*y = 852 + 1278. Is y a composite number?
True
Let y(d) = -8307*d - 4943. Is y(-20) composite?
True
Let c = 91 + -91. Suppose c = -i - 12 + 529. Is i a prime number?
False
Let m(s) = 3 + 19*s**2 + 9*s - 9 + 4 - s. Let i = -10 + 17. Is m(i) a composite number?
True
Let s = -297 - -614. Let u = s + 570. Is u prime?
True
Suppose 0 = g + 2*w + 12, 7*w - 3*w = 4*g + 12. Is -7 + (10650 - (g - 2)) a composite number?
False
Let y = 411 - 409. Is -5 + (10334/y - -5) prime?
True
Let d = -49 - -41. Let j be (36/d)/9*-2586. Suppose 8185 = 7*n - j. Is n a composite number?
True
Let d(i) be the first derivative of 7*i**3 + 77*i**2/2 - 3*i - 210. Is d(-6) prime?
False
Let v(x) = x**2. Let a(s) = 5*s**2 - 12*s - 29. Let z(h) = a(h) - 6*v(h). Let c be z(-9). Is (7/(-42)*4)/(c/5079) a prime number?
True
Is (-16)/(-24) + (-85104 + -1)*2/(-6) a prime number?
False
Let b = -14 + 3. Let t(z) = 4*z**2 - 3*z**2 + 6420 - 3207 - 3207. Is t(b) a composite number?
False
Is (67/(-469) - 96/63)/((-5)/960027) a prime number?
True
Suppose -15*i = -21*i - 36. Is 6 + (-4)/4 - (i - 1506) a prime number?
False
Suppose -292 + 324 = 4*b. Is (-72)/8 + b - -5804 prime?
False
Let x(j) = -j**2 - 16*j - 6. Let b be x(-9). Let i = b - 57. Suppose 522 = 2*a - g, -3*a = -i*a - 5*g - 797. Is a prime?
False
Suppose 13*n - 10385 - 50754 = 0. Let o = n - 1562. Let i = -2072 + o. Is i prime?
True
Let d(j) be the second derivative of 1 + 5/2*j**2 + 1/6*j**3 + 13/2*j**5 - 1/4*j**4 + 2*j. Is d(3) prime?
True
Let x = 225020 + 23559. Is x prime?
True
Let q(j) = 34*j**2 + 26*j + 565. Is q(37) composite?
False
Let c = 12 - 5. Suppose -c = -5*x + 13. Suppose 2221 = x*z + 105. Is z a composite number?
True
Suppose -5*j - 22 - 53 = -r, 0 = 5*r - j - 471. Suppose -752 - r = -7*z. Is z a composite number?
True
Let c(m) = 254*m**3 + 32*m**2 - 122*m + 1213. Is c(17) composite?
True
Suppose -313*a + 97087 = -296*a. Let c be (-4)/6 + (-20792)/6. Let v = c + a. Is v prime?
False
Let r be 136464/40 + 12/(-20). Suppose m + 1286 = -3*b + r, 0 = 4*b - 4*m - 2844. Is b a composite number?
False
Suppose 0 = -z - 6*z - 14. Is (1 - 5 - 123)*z prime?
False
Suppose 0 = 13357*c - 13367*c + 742470. Is c a composite number?
True
Let o(z) = 18*z**2 + 57*z - 274. Is o(25) prime?
True
Let g(r) = -30815*r + 5211. Is g(-2) composite?
False
Suppose -2*r = -u + 183011, 542618 = 5*u - 3*r - 372395. Is u a prime number?
True
Let n be (-2)/6 - (6 + (-185)/15). Suppose 0 = 8*m - n*m - 24. Suppose -3*d + 1683 = -r - 2*r, 3*r + m = 0. Is d a prime number?
True
Let q(m) = 5*m**2 + 8*m**2 + 117*m + 116*m - 13 - 234*m. Suppose 6*p - 3*p + 24 = -3*y, 2*y = -2. Is q(p) composite?
False
Suppose 48*m + 9 = 51*m. Suppose 4*c - 30576 = 5*j, -c - m*c + 30548 = 2*j. Is c a prime number?
True
Let z = 79 - 83. Let s(d) = 2*d**3 + 8*d**2 - d - 2. Let f be s(z). Suppose -212 - 194 = -f*x. Is x prime?
False
Let k = 51836 - -165395. Is k a composite number?
True
Let l(k) = k**2 - 4*k - 29. Suppose -i = -7 - 0. Let o be l(i). Is (13188/(-8))/7*o/6 a prime number?
False
Suppose 5*h = -x - 27, -h + 6*x - 5*x = 3. Let n(c) be the first derivative of -27*c**4/4 + c**3 - 7*c**2 + c + 2. Is n(h) prime?
False
Let m(g) = 2*g**2 - 4*g + 8. Let o = -22 - -18. Let k be m(o). Suppose 3*l = k + 367. Is l prime?
False
Let g(t) be the second derivative of 0 - 4/3*t**3 + 19/2*t**2 + 1/6*t**4 + 8*t. Is g(-9) composite?
True
Let i(o) = 2239*o**3 + 7*o**2 - 5*o - 12. Let g be i(8). Is g/95 + (12/15 - 1) prime?
True
Suppose -42*l + 2799 = -39*l. Let b = l + 890. Is b composite?
False
Is 5/45 - (-5934138)/27 - (1 - 0) composite?
True
Suppose -2*d + 45629 = 3*r, 4552 = -d + 4*r + 27339. Is d prime?
True
Let b(d) = d**3 - 44*d**2 + 103*d + 36. Let w be b(42). Let j = w + -719. Is j a composite number?
True
Suppose 2*t = -4*n + 133 + 39, -2*t = -n + 38. Let o be 4 + n/(-10) + (-6)/(-30). Is 1416 - (7 + -2) - o a prime number?
False
Let h be 50*-1*156/(-195). Suppose -38*r - 1174 = -h*r. Is r a prime number?
True
Let u(a) = 5*a**3 + 9*a**2 + 21*a + 8. Let j(m) = -14*m**3 - 27*m**2 - 62*m - 25. Let k(z) = 6*j(z) + 17*u(z). Is k(13) prime?
True
Suppose 0*s + 2*m = s, -s - 3*m = -5. Suppose 0 = -l + w + 2155, -9*w + 4314 = s*l - 10*w. Is l a composite number?
True
Let k(s) = 8*s - 23. Suppose -4*m = -0*c - c + 4, 40 = -2*c - 4*m. Let d be k(c). Let o = 204 + d. Is o prime?
False
Suppose 48*n - l = 47*n + 29600, 88784 = 3*n + 5*l. Let f = n + -16384. Is f prime?
False
Suppose 444 - 96 = 4*p. Is (44747/p)/(1/21) composite?
True
Suppose 0 = -33*j + 88420 + 574022. Is j composite?
True
Let f(n) = -106*n + 91. Let m(s) = 52*s - 46. Let b(c) = 3*f(c) + 5*m(c). Is b(-6) prime?
False
Is 6/(-4) - 529525/(-50) prime?
True
Let w be (-747)/(-81) + 2/(-9). Let x be 6/w*(-18)/4. Is 119 + (x - 4/4) a composite number?
True
Let u = -47 + 27. Let k be ((-2)/3)/(u/90). Suppose 0 = k*i - 2*i - 3. Is i a prime number?
True
Let f(k) = -1746*k + 1697. Is f(-17) composite?
False
Suppose v + 2*p + 2 = 0, 0